e number?
True
Is 435965941 a composite number?
False
Is 25443635513 prime?
False
Is 1927672151 a prime number?
False
Is 2548087981 prime?
False
Is 4004312647 a composite number?
False
Is 24375794057 prime?
True
Is 31035306079 prime?
True
Is 17893598237 a composite number?
False
Is 3099335137 prime?
False
Is 20173443747 a prime number?
False
Is 1955391469 composite?
False
Is 3189904879 prime?
False
Is 605356181 a prime number?
False
Is 228789052853 a composite number?
False
Is 15563021 a prime number?
False
Is 5346804667 a prime number?
True
Is 14670925223 prime?
False
Is 5660918671 a composite number?
False
Is 191381673233 composite?
False
Is 7744635007 composite?
False
Is 3375573943 prime?
False
Is 3909272849 a composite number?
True
Is 84183952793 prime?
True
Is 3003947421 a prime number?
False
Is 14727290419 a composite number?
False
Is 6294825223 composite?
False
Is 212564459339 a composite number?
False
Is 7877485307 a composite number?
True
Is 61776421787 composite?
False
Is 65783677 prime?
True
Is 1162145627 a composite number?
False
Is 4534703681 prime?
False
Is 25054676071 composite?
False
Is 1210032709 prime?
True
Is 9228139 composite?
False
Is 16115429053 composite?
True
Is 1624688833 a composite number?
True
Is 8128655231 composite?
False
Is 38524665967 composite?
False
Is 1705209026 a prime number?
False
Is 720388153 composite?
False
Is 659879621 a composite number?
False
Is 2948458783 composite?
False
Is 1847171497 a prime number?
True
Is 4836787891 prime?
False
Is 915095971 a composite number?
False
Is 831864463 prime?
True
Is 2394709961 a composite number?
True
Is 448369085 prime?
False
Is 963560743 a prime number?
True
Is 3422858119 a composite number?
False
Is 5345049361 a composite number?
False
Is 30285799333 prime?
True
Is 83174188429 a prime number?
True
Is 7429210445 a composite number?
True
Is 12251529649 prime?
True
Is 1733748547 composite?
True
Is 3468551599 a composite number?
True
Is 16579922647 composite?
False
Is 30899954927 prime?
False
Is 5670455471 a composite number?
False
Is 903988907 a prime number?
True
Is 447499727 prime?
True
Is 17183652077 composite?
False
Is 18276605741 a prime number?
True
Is 19021730257 prime?
False
Is 455085973 composite?
False
Is 1280792231 composite?
True
Is 696538019 composite?
False
Is 2143985686 a prime number?
False
Is 4784137571 composite?
False
Is 273353022103 prime?
False
Is 1601250311 prime?
False
Is 2264421661 prime?
False
Is 214231733123 prime?
False
Is 101588219981 a prime number?
True
Is 6228727139 prime?
True
Is 11927933471 prime?
False
Is 19093601243 a composite number?
False
Is 50809058941 composite?
True
Is 914627641 a composite number?
False
Is 1110793877 a prime number?
True
Is 53222954003 composite?
False
Is 1770356737 composite?
False
Is 50164137515 prime?
False
Is 131608007 a composite number?
False
Is 117104663161 a composite number?
False
Is 2321145637 composite?
False
Is 2138998403 a prime number?
True
Is 13840469183 prime?
False
Is 5174529391 composite?
False
Is 1731074417 composite?
False
Is 1040704109 composite?
False
Is 16557507301 a prime number?
False
Is 870746503 a prime number?
False
Is 7586531609 prime?
False
Is 127280013041 composite?
True
Is 3752156783 composite?
True
Is 550845313 composite?
True
Is 43225212241 a prime number?
True
Is 1447731807 a prime number?
False
Is 2488214011 a prime number?
True
Is 2272201751 prime?
True
Is 23485930574 composite?
True
Is 815325961 prime?
True
Is 9647439119 composite?
False
Is 16537653479 prime?
False
Is 14240574373 a prime number?
True
Is 27821921477 composite?
True
Is 4577254421 prime?
True
Is 45701797282 prime?
False
Is 8067231259 composite?
True
Is 933707923 prime?
True
Is 36535548991 prime?
False
Is 1131518023 a prime number?
True
Is 1167900689 a prime number?
True
Is 427679299 a composite number?
True
Is 19783854983 prime?
True
Is 502227799 prime?
True
Is 68813606 prime?
False
Is 2089617133 prime?
False
Is 35501639 a composite number?
True
Is 282563669 a prime number?
True
Is 1943292473 prime?
False
Is 3211497511 a prime number?
True
Is 21612267289 a composite number?
True
Is 14922546419 prime?
False
Is 3654102041 composite?
False
Is 4530824877 a prime number?
False
Is 2498360983 a prime number?
False
Is 813851009 prime?
True
Is 22740237367 a prime number?
True
Is 4250283571 a prime number?
True
Is 44937304693 composite?
True
Is 2128548601 a composite number?
False
Is 11032415363 a composite number?
False
Is 147876242219 a prime number?
True
Is 3184342391 composite?
False
Is 24436911659 composite?
False
Is 2299659217 a composite number?
False
Is 1464535693 a prime number?
False
Is 3464250553 a composite number?
False
Is 7710668107 a prime number?
True
Is 54153468757 a composite number?
False
Is 551649589 prime?
True
Is 14518536553 composite?
False
Is 623833733 composite?
True
Is 890498143 prime?
False
Is 2507613007 a composite number?
True
Is 67876684573 a prime number?
False
Is 829717646 a composite number?
True
Is 559594019 a prime number?
True
Is 30079223401 a prime number?
False
Is 7947156905 composite?
True
Is 1884452693 composite?
True
Is 488190681959 composite?
False
Is 176530897 a composite number?
True
Is 389865877 a prime number?
True
Is 259510019 a prime number?
False
Is 47388917 a composite number?
False
Is 1466539769 a prime number?
False
Is 573915553 a prime number?
False
Is 3736618747 composite?
True
Is 4098363761 prime?
True
Is 102967144457 composite?
False
Is 117383831351 a prime number?
True
Is 5930788517 prime?
True
Is 12891899521 a composite number?
False
Is 18377163229 composite?
False
Is 3540485777 a composite number?
False
Is 24894849341 a composite number?
True
Is 2050549847 composite?
False
Is 15629858963 a prime number?
True
Is 3148719267 prime?
False
Is 8697695659 a composite number?
False
Is 5304812879 prime?
False
Is 1420076069 prime?
True
Is 16577633711 composite?
True
Is 11281205387 a prime number?
False
Is 5529251137 a prime number?
False
Is 5975620709 composite?
True
Is 8311168781 a prime number?
True
Is 4962110611 a composite number?
False
Is 2980400873 a composite number?
True
Is 3512923 prime?
True
Is 27848113331 a prime number?
False
Is 89643049 a composite number?
False
Is 8024187547 a prime number?
False
Is 28173757321 prime?
True
Is 1201998937 a prime number?
True
Is 2731923167 composite?
False
Is 4119058345 a composite number?
True
Is 17026394701 prime?
False
Is 5295178561 a composite number?
False
Is 57754742611 prime?
True
Is 109151254249 a prime number?
True
Is 290279950117 prime?
False
Is 606507329 prime?
True
Is 812661563 composite?
True
Is 4360664017 prime?
False
Is 10069993691 a composite number?
True
Is 263884861 a prime number?
True
Is 73614907 prime?
False
Is 1660474481 a composite number?
False
Is 4563730301 a composite number?
True
Is 3315747821 a composite number?
True
Is 1390003529 prime?
True
Is 6805757531 a prime number?
False
Is 174055426 prime?
False
Is 64925332291 prime?
False
Is 559292777 composite?
True
Is 101122117 composite?
False
Is 118376779 a prime number?
False
Is 5264497913 prime?
True
Is 14266583429 a composite number?
True
Is 6074855399 a prime number?
False
Is 38122928197 composite?
True
Is 7709931659 a prime number?
False
Is 436528579 prime?
True
Is 8638373677 a composite number?
False
Is 18140626571 a composite number?
False
Is 3538902089 prime?
True
Is 8460042991 composite?
True
Is 6310580729 a composite number?
False
Is 90064721 composite?
False
Is 1092598289 composite?
True
Is 108899392529 a prime number?
True
Is 3635251051 a prime number?
True
Is 651000509 prime?
False
Is 129968626499 a prime number?
True
Is 1340832689 a prime number?
False
Is 678951307 prime?
True
Is 38607669967 composite?
True
Is 870260291 a composite number?
False
Is 9567067129 prime?
True
Is 8498618483 a composite number?
True
Is 267844553 composite?
True
Is 1560917949 composite?
True
Is 12101246407 a prime number?
True
Is 544930601 composite?
False
Is 45188714687 prime?
False
Is 11423906107 a composite number?
False
Is 27651607223 composite?
False
Is 42587773863 prime?
False
Is 53423412631 composite?
True
Is 11613123241 a prime number?
False
Is 1485792629 a prime number?
False
Is 211090699 a composite number?
True
Is 457301447 a composite number?
Fa